057 is divided by 18.
13
Calculate the remainder when 616115 is divided by 61610.
15
Calculate the remainder when 4279448 is divided by 14706.
2
What is the remainder when 3189528 is divided by 1060?
1048
Calculate the remainder when 18282 is divided by 8927.
428
Calculate the remainder when 179471803 is divided by 31.
0
Calculate the remainder when 13165451 is divided by 1004.
1003
What is the remainder when 4074998 is divided by 1666?
1628
What is the remainder when 9292565 is divided by 715?
425
What is the remainder when 10033048 is divided by 352?
344
What is the remainder when 27097 is divided by 93?
34
What is the remainder when 109361587 is divided by 707?
706
What is the remainder when 4515125 is divided by 4515056?
69
Calculate the remainder when 33129205 is divided by 14.
11
Calculate the remainder when 5313190 is divided by 3806.
14
Calculate the remainder when 13394515 is divided by 10186.
10111
Calculate the remainder when 282472 is divided by 56481.
67
What is the remainder when 14376084 is divided by 4964?
340
What is the remainder when 2479729 is divided by 325?
304
What is the remainder when 192630 is divided by 99?
75
What is the remainder when 10351594 is divided by 156?
58
What is the remainder when 19825767 is divided by 2781?
18
What is the remainder when 100194 is divided by 6227?
562
Calculate the remainder when 42712 is divided by 14186.
154
What is the remainder when 1118180 is divided by 101648?
52
Calculate the remainder when 626757593 is divided by 19.
14
What is the remainder when 1965806 is divided by 1839?
1754
What is the remainder when 97002729 is divided by 506?
505
Calculate the remainder when 15484674 is divided by 9.
3
What is the remainder when 20852887 is divided by 10187?
98
Calculate the remainder when 156623733 is divided by 23.
12
Calculate the remainder when 958914 is divided by 1949.
6
Calculate the remainder when 856842 is divided by 428409.
24
Calculate the remainder when 369789 is divided by 1013.
44
What is the remainder when 387354 is divided by 96836?
10
Calculate the remainder when 3797964 is divided by 2299.
16
Calculate the remainder when 16803834 is divided by 1879.
1816
What is the remainder when 2888682 is divided by 79?
47
What is the remainder when 45367193 is divided by 189?
11
Calculate the remainder when 1112553 is divided by 157.
51
Calculate the remainder when 1681498 is divided by 210132.
442
What is the remainder when 10812577 is divided by 812?
797
What is the remainder when 12479131 is divided by 12479129?
2
Calculate the remainder when 1885431 is divided by 42.
9
What is the remainder when 506353 is divided by 174?
13
What is the remainder when 6019301 is divided by 4334?
3709
Calculate the remainder when 3763764 is divided by 66029.
111
What is the remainder when 1203286 is divided by 9173?
1623
What is the remainder when 1277363 is divided by 242?
87
What is the remainder when 547120633 is divided by 88?
81
Calculate the remainder when 432882765 is divided by 11244.
9
Calculate the remainder when 4038503 is divided by 31306.
29
Calculate the remainder when 377500 is divided by 1222.
1124
Calculate the remainder when 62755302 is divided by 15.
12
Calculate the remainder when 17736 is divided by 8011.
1714
What is the remainder when 113193 is divided by 4009?
941
What is the remainder when 4474014 is divided by 213047?
27
What is the remainder when 287533426 is divided by 179?
177
Calculate the remainder when 4205223 is divided by 841005.
198
Calculate the remainder when 194040 is divided by 133.
126
Calculate the remainder when 12354 is divided by 366.
276
Calculate the remainder when 364663 is divided by 464.
423
What is the remainder when 8056685 is divided by 335694?
29
What is the remainder when 2863461 is divided by 572690?
11
Calculate the remainder when 1129504 is divided by 1129444.
60
Calculate the remainder when 6639671 is divided by 43.
41
What is the remainder when 54694 is divided by 344?
342
What is the remainder when 385217430 is divided by 398?
394
What is the remainder when 611277 is divided by 46984?
485
What is the remainder when 1003953 is divided by 24486?
27
Calculate the remainder when 2790906 is divided by 930135.
501
Calculate the remainder when 184592672 is divided by 46148164.
16
What is the remainder when 289925066 is divided by 84?
74
What is the remainder when 8905343 is divided by 759?
755
Calculate the remainder when 92056 is divided by 2788.
52
Calculate the remainder when 37151566 is divided by 320272.
14
Calculate the remainder when 27566566 is divided by 51.
46
Calculate the remainder when 324758 is divided by 1386.
434
Calculate the remainder when 486383741 is divided by 176.
173
Calculate the remainder when 889707 is divided by 1340.
1287
Calculate the remainder when 737331 is divided by 376.
371
What is the remainder when 674199 is divided by 3272?
167
What is the remainder when 226491095 is divided by 988?
987
What is the remainder when 152193 is divided by 260?
93
What is the remainder when 7183750 is divided by 2247?
91
Calculate the remainder when 58145459 is divided by 4362.
4361
Calculate the remainder when 5967803 is divided by 155.
148
What is the remainder when 13093445 is divided by 6546718?
9
Calculate the remainder when 32337123 is divided by 3295.
3288
Calculate the remainder when 593831 is divided by 84768.
455
Calculate the remainder when 294962 is divided by 191.
58
Calculate the remainder when 9830395 is divided by 983039.
5
What is the remainder when 18996470 is divided by 1313?
1299
What is the remainder when 387923 is divided by 21?
11
Calculate the remainder when 1206853 is divided by 6976.
5
Calculate the remainder when 858364 is divided by 402.
94
Calculate the remainder when 1142233 is divided by 1142203.
30
What is the remainder when 23024083 is divided by 209?
16
What is the remainder when 3259064 is divided by 2013?
17
What is the remainder when 1858155 is divided by 4877?
18
Calculate the remainder when 15936564 is divided by 551.
542
What is the remainder when 407642 is divided by 202772?
2098
What is the remainder when 1329889 is divided by 1386?
715
What is the remainder when 622314 is divided by 204585?
8559
Calculate the remainder when 814451 is divided by 135740.
11
What is the remainder when 103788 is divided by 9432?
36
What is the remainder when 352741 is divided by 7706?
5971
What is the remainder when 221752167 is divided by 142?
139
What is the remainder when 860851 is divided by 78145?
1256
Calculate the remainder when 424403 is divided by 90.
53
What is the remainder when 433707 is divided by 144540?
87
What is the remainder when 1042299 is divided by 173498?
1311
What is the remainder when 66541 is divided by 5775?
3016
Calculate the remainder when 121624620 is divided by 1986.
1980
What is the remainder when 148926 is divided by 126?
120
Calculate the remainder when 58834 is divided by 2537.
483
What is the remainder when 486999 is divided by 2099?
31
Calculate the remainder when 7062516 is divided by 128409.
21
What is the remainder when 2815 is divided by 467?
13
Calculate the remainder when 37090769 is divided by 1906.
9
Calculate the remainder when 15960612 is divided by 1596061.
2
What is the remainder when 2797273 is divided by 206?
205
What is the remainder when 9620402 is divided by 103?
99
Calculate the remainder when 197090 is divided by 1862.
1580
Calculate the remainder when 4307362 is divided by 11.
4
What is the remainder when 40690592 is divided by 4683?
5
Calculate the remainder when 1153050 is divided by 108.
42
What is the remainder when 452342 is divided by 113032?
214
Calculate the remainder when 36456846 is divided by 36456836.
10
What is the remainder when 9441 is divided by 2313?
189
Calculate the remainder when 2613632 is divided by 1448.
1440
What is the remainder when 4799129 is divided by 10?
9
What is the remainder when 1261437 is divided by 1850?
1587
Calculate the remainder when 1076732 is divided by 1672.
1636
Calculate the remainder when 774444918 is divided by 20.
18
What is the remainder when 42259324 is divided by 1075?
1074
What is the remainder when 142319 is divided by 223?
45
What is the remainder when 3398 is divided by 1478?
442
What is the remai